{"id":653,"date":"2024-02-09T19:34:42","date_gmt":"2024-02-09T19:34:42","guid":{"rendered":"https:\/\/www.evileu.de\/evisfinest\/?page_id=653"},"modified":"2024-02-12T08:46:45","modified_gmt":"2024-02-12T08:46:45","slug":"rainbowline","status":"publish","type":"page","link":"https:\/\/www.evileu.de\/evisfinest\/?page_id=653","title":{"rendered":"Rainbow Line"},"content":{"rendered":"<p>Meine Lieblingsfarbe? Regenbogen!<\/p>\n<p>Ich liebe die leuchtenden Spektralfarben vor allen anderen, und nat\u00fcrlich fertige ich schon seit Jahren auch Schmuck aus Glasperlen in Regenbogenfarben. Der Regenbogen steht nicht nur f\u00fcr die Sch\u00f6nheit der Natur, sondern ist auch Ausdruck der Lebensfreude und der Vielfalt. Die Rainbow Gender Pride Flag ist besonders bei der j\u00fcngeren Generation ein wichtiges politisches und weltanschauliches Symbol, und ich muss sagen ich sympathisiere mit den mutigen jungen Leuten, die es wagen anders zu sein und dazu auch zu stehen. Bravo ihr Lieben, ihr bewegt wirklich was!<\/p>\n<p><a href=\"http:\/\/www.evileu.de\/evisfinest\/wp-content\/uploads\/2024\/02\/Gay-Pride-Flag-1.jpg\"><img decoding=\"async\" loading=\"lazy\" class=\"alignnone size-medium wp-image-657\" src=\"http:\/\/www.evileu.de\/evisfinest\/wp-content\/uploads\/2024\/02\/Gay-Pride-Flag-1-300x300.jpg\" alt=\"Gay-Pride-Flag\" width=\"300\" height=\"300\" srcset=\"https:\/\/www.evileu.de\/evisfinest\/wp-content\/uploads\/2024\/02\/Gay-Pride-Flag-1-300x300.jpg 300w, https:\/\/www.evileu.de\/evisfinest\/wp-content\/uploads\/2024\/02\/Gay-Pride-Flag-1-1024x1024.jpg 1024w, https:\/\/www.evileu.de\/evisfinest\/wp-content\/uploads\/2024\/02\/Gay-Pride-Flag-1-150x150.jpg 150w, https:\/\/www.evileu.de\/evisfinest\/wp-content\/uploads\/2024\/02\/Gay-Pride-Flag-1-768x768.jpg 768w, https:\/\/www.evileu.de\/evisfinest\/wp-content\/uploads\/2024\/02\/Gay-Pride-Flag-1.jpg 1080w\" sizes=\"(max-width: 300px) 100vw, 300px\" \/><\/a><\/p>\n<p>\u00dcber die Jahre hat sich einiges an Regenbogenschmuck bei mir angesammelt, ich trage die St\u00fccke viel selbst, habe aber auch schon viele weitergegeben, denn Regenbogenfarben kommen immer gut an. Ich zeige hier nur einige ausgew\u00e4hlte St\u00fccke, mehr findet Ihr in der Kategorie <a href=\"https:\/\/www.evileu.de\/evisfinest\/?cat=15\">RainbowLine<\/a>.<\/p>\n<p>Zuerst ein prachtvolles Indianercollier, in das ich viele Stunden Arbeit gesteckt habe. Damit kann man sich auf grossen Festen oder in Oper und Theater sehen lassen!<\/p>\n<figure id=\"attachment_253\" aria-describedby=\"caption-attachment-253\" style=\"width: 957px\" class=\"wp-caption alignnone\"><a href=\"http:\/\/www.evileu.de\/evisfinest\/wp-content\/uploads\/2015\/09\/rainbow.jpg\"><img decoding=\"async\" loading=\"lazy\" class=\"wp-image-253 size-full\" src=\"http:\/\/www.evileu.de\/evisfinest\/wp-content\/uploads\/2015\/09\/rainbow.jpg\" alt=\"rainbow\" width=\"957\" height=\"680\" srcset=\"https:\/\/www.evileu.de\/evisfinest\/wp-content\/uploads\/2015\/09\/rainbow.jpg 957w, https:\/\/www.evileu.de\/evisfinest\/wp-content\/uploads\/2015\/09\/rainbow-300x213.jpg 300w\" sizes=\"(max-width: 957px) 100vw, 957px\" \/><\/a><figcaption id=\"caption-attachment-253\" class=\"wp-caption-text\">rainbow<\/figcaption><\/figure>\n<p>Etwas kleiner und alltagstauglicher der Collierh\u00e4nger Nschotschi:<\/p>\n<figure id=\"attachment_659\" aria-describedby=\"caption-attachment-659\" style=\"width: 300px\" class=\"wp-caption alignnone\"><a href=\"http:\/\/www.evileu.de\/evisfinest\/wp-content\/uploads\/2024\/02\/Nschotschi.jpg\"><img decoding=\"async\" loading=\"lazy\" class=\"size-medium wp-image-659\" src=\"http:\/\/www.evileu.de\/evisfinest\/wp-content\/uploads\/2024\/02\/Nschotschi-300x238.jpg\" alt=\"Nschotschi\" width=\"300\" height=\"238\" srcset=\"https:\/\/www.evileu.de\/evisfinest\/wp-content\/uploads\/2024\/02\/Nschotschi-300x238.jpg 300w, https:\/\/www.evileu.de\/evisfinest\/wp-content\/uploads\/2024\/02\/Nschotschi-1024x812.jpg 1024w, https:\/\/www.evileu.de\/evisfinest\/wp-content\/uploads\/2024\/02\/Nschotschi-768x609.jpg 768w, https:\/\/www.evileu.de\/evisfinest\/wp-content\/uploads\/2024\/02\/Nschotschi-1536x1218.jpg 1536w, https:\/\/www.evileu.de\/evisfinest\/wp-content\/uploads\/2024\/02\/Nschotschi-2048x1624.jpg 2048w\" sizes=\"(max-width: 300px) 100vw, 300px\" \/><\/a><figcaption id=\"caption-attachment-659\" class=\"wp-caption-text\">Nschotschi<\/figcaption><\/figure>\n<p>Regenbogenfalter<\/p>\n<figure id=\"attachment_330\" aria-describedby=\"caption-attachment-330\" style=\"width: 283px\" class=\"wp-caption alignnone\"><a href=\"http:\/\/www.evileu.de\/evisfinest\/wp-content\/uploads\/2015\/09\/regenbogenfalter.jpg\"><img decoding=\"async\" loading=\"lazy\" class=\"size-medium wp-image-330\" src=\"http:\/\/www.evileu.de\/evisfinest\/wp-content\/uploads\/2015\/09\/regenbogenfalter-283x300.jpg\" alt=\"regenbogenfalter\" width=\"283\" height=\"300\" srcset=\"https:\/\/www.evileu.de\/evisfinest\/wp-content\/uploads\/2015\/09\/regenbogenfalter-283x300.jpg 283w, https:\/\/www.evileu.de\/evisfinest\/wp-content\/uploads\/2015\/09\/regenbogenfalter.jpg 446w\" sizes=\"(max-width: 283px) 100vw, 283px\" \/><\/a><figcaption id=\"caption-attachment-330\" class=\"wp-caption-text\">regenbogenfalter<\/figcaption><\/figure>\n<p>Winzling in Wei\u00df<\/p>\n<figure id=\"attachment_268\" aria-describedby=\"caption-attachment-268\" style=\"width: 300px\" class=\"wp-caption alignnone\"><a href=\"http:\/\/www.evileu.de\/evisfinest\/wp-content\/uploads\/2015\/09\/zweiblattweiss.jpg\"><img decoding=\"async\" loading=\"lazy\" class=\"size-medium wp-image-268\" src=\"http:\/\/www.evileu.de\/evisfinest\/wp-content\/uploads\/2015\/09\/zweiblattweiss-300x268.jpg\" alt=\"zweiblattweiss\" width=\"300\" height=\"268\" srcset=\"https:\/\/www.evileu.de\/evisfinest\/wp-content\/uploads\/2015\/09\/zweiblattweiss-300x268.jpg 300w, https:\/\/www.evileu.de\/evisfinest\/wp-content\/uploads\/2015\/09\/zweiblattweiss.jpg 317w\" sizes=\"(max-width: 300px) 100vw, 300px\" \/><\/a><figcaption id=\"caption-attachment-268\" class=\"wp-caption-text\">zweiblattweiss<\/figcaption><\/figure>\n<p>Da die Jugend in meiner Familie W\u00fcnsche nach Regenbogenschmuck angemeldet hat, arbeite ich zur Zeit immer wieder an St\u00fcckerln in den leuchtenden Farben.\u00a0 Ich werde sie nat\u00fcrlich alle fotografieren und hier einstellen. Wenn bei einem St\u00fcck &#8222;verkauft&#8220; steht, nicht irritieren lassen! Es ist sehr wahrscheinlich, dass\u00a0 ein \u00e4hnliches Schmuckst\u00fcck auf Bestellung fertigen kann. Schreibt mir einfach eine E-Mail an <a href=\"mailto:evi.s.leu@gmx.de\">evi.s.leu@gmx.de<\/a> , und ich zaubere was!<\/p>\n<figure id=\"attachment_663\" aria-describedby=\"caption-attachment-663\" style=\"width: 218px\" class=\"wp-caption alignnone\"><a href=\"http:\/\/www.evileu.de\/evisfinest\/wp-content\/uploads\/2024\/02\/ChrysOhrring.jpg\"><img decoding=\"async\" loading=\"lazy\" class=\"size-medium wp-image-663\" src=\"http:\/\/www.evileu.de\/evisfinest\/wp-content\/uploads\/2024\/02\/ChrysOhrring-218x300.jpg\" alt=\"ChrysOhrring\" width=\"218\" height=\"300\" srcset=\"https:\/\/www.evileu.de\/evisfinest\/wp-content\/uploads\/2024\/02\/ChrysOhrring-218x300.jpg 218w, https:\/\/www.evileu.de\/evisfinest\/wp-content\/uploads\/2024\/02\/ChrysOhrring-744x1024.jpg 744w, https:\/\/www.evileu.de\/evisfinest\/wp-content\/uploads\/2024\/02\/ChrysOhrring-768x1057.jpg 768w, https:\/\/www.evileu.de\/evisfinest\/wp-content\/uploads\/2024\/02\/ChrysOhrring.jpg 1000w\" sizes=\"(max-width: 218px) 100vw, 218px\" \/><\/a><figcaption id=\"caption-attachment-663\" class=\"wp-caption-text\">ChrysOhrring<\/figcaption><\/figure>\n","protected":false},"excerpt":{"rendered":"<p>Meine Lieblingsfarbe? Regenbogen! Ich liebe die leuchtenden Spektralfarben vor allen anderen, und nat\u00fcrlich fertige ich schon seit Jahren auch Schmuck aus Glasperlen in Regenbogenfarben. Der Regenbogen steht nicht nur f\u00fcr die Sch\u00f6nheit der Natur, sondern ist auch Ausdruck der Lebensfreude und der Vielfalt. Die Rainbow Gender Pride Flag ist besonders bei der j\u00fcngeren Generation ein &hellip; <a href=\"https:\/\/www.evileu.de\/evisfinest\/?page_id=653\" class=\"more-link\"><span class=\"screen-reader-text\">Rainbow Line<\/span> weiterlesen <span class=\"meta-nav\">&rarr;<\/span><\/a><\/p>\n","protected":false},"author":1,"featured_media":0,"parent":0,"menu_order":4,"comment_status":"closed","ping_status":"closed","template":"","meta":[],"_links":{"self":[{"href":"https:\/\/www.evileu.de\/evisfinest\/index.php?rest_route=\/wp\/v2\/pages\/653"}],"collection":[{"href":"https:\/\/www.evileu.de\/evisfinest\/index.php?rest_route=\/wp\/v2\/pages"}],"about":[{"href":"https:\/\/www.evileu.de\/evisfinest\/index.php?rest_route=\/wp\/v2\/types\/page"}],"author":[{"embeddable":true,"href":"https:\/\/www.evileu.de\/evisfinest\/index.php?rest_route=\/wp\/v2\/users\/1"}],"replies":[{"embeddable":true,"href":"https:\/\/www.evileu.de\/evisfinest\/index.php?rest_route=%2Fwp%2Fv2%2Fcomments&post=653"}],"version-history":[{"count":10,"href":"https:\/\/www.evileu.de\/evisfinest\/index.php?rest_route=\/wp\/v2\/pages\/653\/revisions"}],"predecessor-version":[{"id":877,"href":"https:\/\/www.evileu.de\/evisfinest\/index.php?rest_route=\/wp\/v2\/pages\/653\/revisions\/877"}],"wp:attachment":[{"href":"https:\/\/www.evileu.de\/evisfinest\/index.php?rest_route=%2Fwp%2Fv2%2Fmedia&parent=653"}],"curies":[{"name":"wp","href":"https:\/\/api.w.org\/{rel}","templated":true}]}}

<p>Meine Lieblingsfarbe? Regenbogen!</p>
<p>Ich liebe die leuchtenden Spektralfarben vor allen anderen, und natürlich fertige ich schon seit Jahren auch Schmuck aus Glasperlen in Regenbogenfarben. Der Regenbogen steht nicht nur für die Schönheit der Natur, sondern ist auch Ausdruck der Lebensfreude und der Vielfalt. Die Rainbow Gender Pride Flag ist besonders bei der jüngeren Generation ein wichtiges politisches und weltanschauliches Symbol, und ich muss sagen ich sympathisiere mit den mutigen jungen Leuten, die es wagen anders zu sein und dazu auch zu stehen. Bravo ihr Lieben, ihr bewegt wirklich was!</p>
<p><a href="http://www.evileu.de/evisfinest/wp-content/uploads/2024/02/Gay-Pride-Flag-1.jpg"><img decoding="async" loading="lazy" class="alignnone size-medium wp-image-657" src="http://www.evileu.de/evisfinest/wp-content/uploads/2024/02/Gay-Pride-Flag-1-300x300.jpg" alt="Gay-Pride-Flag" width="300" height="300" srcset="https://www.evileu.de/evisfinest/wp-content/uploads/2024/02/Gay-Pride-Flag-1-300x300.jpg 300w, https://www.evileu.de/evisfinest/wp-content/uploads/2024/02/Gay-Pride-Flag-1-1024x1024.jpg 1024w, https://www.evileu.de/evisfinest/wp-content/uploads/2024/02/Gay-Pride-Flag-1-150x150.jpg 150w, https://www.evileu.de/evisfinest/wp-content/uploads/2024/02/Gay-Pride-Flag-1-768x768.jpg 768w, https://www.evileu.de/evisfinest/wp-content/uploads/2024/02/Gay-Pride-Flag-1.jpg 1080w" sizes="(max-width: 300px) 100vw, 300px" /></a></p>
<p>Über die Jahre hat sich einiges an Regenbogenschmuck bei mir angesammelt, ich trage die Stücke viel selbst, habe aber auch schon viele weitergegeben, denn Regenbogenfarben kommen immer gut an. Ich zeige hier nur einige ausgewählte Stücke, mehr findet Ihr in der Kategorie <a href="https://www.evileu.de/evisfinest/?cat=15">RainbowLine</a>.</p>
<p>Zuerst ein prachtvolles Indianercollier, in das ich viele Stunden Arbeit gesteckt habe. Damit kann man sich auf grossen Festen oder in Oper und Theater sehen lassen!</p>
<figure id="attachment_253" aria-describedby="caption-attachment-253" style="width: 957px" class="wp-caption alignnone"><a href="http://www.evileu.de/evisfinest/wp-content/uploads/2015/09/rainbow.jpg"><img decoding="async" loading="lazy" class="wp-image-253 size-full" src="http://www.evileu.de/evisfinest/wp-content/uploads/2015/09/rainbow.jpg" alt="rainbow" width="957" height="680" srcset="https://www.evileu.de/evisfinest/wp-content/uploads/2015/09/rainbow.jpg 957w, https://www.evileu.de/evisfinest/wp-content/uploads/2015/09/rainbow-300x213.jpg 300w" sizes="(max-width: 957px) 100vw, 957px" /></a><figcaption id="caption-attachment-253" class="wp-caption-text">rainbow</figcaption></figure>
<p>Etwas kleiner und alltagstauglicher der Collierhänger Nschotschi:</p>
<figure id="attachment_659" aria-describedby="caption-attachment-659" style="width: 300px" class="wp-caption alignnone"><a href="http://www.evileu.de/evisfinest/wp-content/uploads/2024/02/Nschotschi.jpg"><img decoding="async" loading="lazy" class="size-medium wp-image-659" src="http://www.evileu.de/evisfinest/wp-content/uploads/2024/02/Nschotschi-300x238.jpg" alt="Nschotschi" width="300" height="238" srcset="https://www.evileu.de/evisfinest/wp-content/uploads/2024/02/Nschotschi-300x238.jpg 300w, https://www.evileu.de/evisfinest/wp-content/uploads/2024/02/Nschotschi-1024x812.jpg 1024w, https://www.evileu.de/evisfinest/wp-content/uploads/2024/02/Nschotschi-768x609.jpg 768w, https://www.evileu.de/evisfinest/wp-content/uploads/2024/02/Nschotschi-1536x1218.jpg 1536w, https://www.evileu.de/evisfinest/wp-content/uploads/2024/02/Nschotschi-2048x1624.jpg 2048w" sizes="(max-width: 300px) 100vw, 300px" /></a><figcaption id="caption-attachment-659" class="wp-caption-text">Nschotschi</figcaption></figure>
<p>Regenbogenfalter</p>
<figure id="attachment_330" aria-describedby="caption-attachment-330" style="width: 283px" class="wp-caption alignnone"><a href="http://www.evileu.de/evisfinest/wp-content/uploads/2015/09/regenbogenfalter.jpg"><img decoding="async" loading="lazy" class="size-medium wp-image-330" src="http://www.evileu.de/evisfinest/wp-content/uploads/2015/09/regenbogenfalter-283x300.jpg" alt="regenbogenfalter" width="283" height="300" srcset="https://www.evileu.de/evisfinest/wp-content/uploads/2015/09/regenbogenfalter-283x300.jpg 283w, https://www.evileu.de/evisfinest/wp-content/uploads/2015/09/regenbogenfalter.jpg 446w" sizes="(max-width: 283px) 100vw, 283px" /></a><figcaption id="caption-attachment-330" class="wp-caption-text">regenbogenfalter</figcaption></figure>
<p>Winzling in Weiß</p>
<figure id="attachment_268" aria-describedby="caption-attachment-268" style="width: 300px" class="wp-caption alignnone"><a href="http://www.evileu.de/evisfinest/wp-content/uploads/2015/09/zweiblattweiss.jpg"><img decoding="async" loading="lazy" class="size-medium wp-image-268" src="http://www.evileu.de/evisfinest/wp-content/uploads/2015/09/zweiblattweiss-300x268.jpg" alt="zweiblattweiss" width="300" height="268" srcset="https://www.evileu.de/evisfinest/wp-content/uploads/2015/09/zweiblattweiss-300x268.jpg 300w, https://www.evileu.de/evisfinest/wp-content/uploads/2015/09/zweiblattweiss.jpg 317w" sizes="(max-width: 300px) 100vw, 300px" /></a><figcaption id="caption-attachment-268" class="wp-caption-text">zweiblattweiss</figcaption></figure>
<p>Da die Jugend in meiner Familie Wünsche nach Regenbogenschmuck angemeldet hat, arbeite ich zur Zeit immer wieder an Stückerln in den leuchtenden Farben.  Ich werde sie natürlich alle fotografieren und hier einstellen. Wenn bei einem Stück &#8222;verkauft&#8220; steht, nicht irritieren lassen! Es ist sehr wahrscheinlich, dass  ein ähnliches Schmuckstück auf Bestellung fertigen kann. Schreibt mir einfach eine E-Mail an <a href="mailto:evi.s.leu@gmx.de">evi.s.leu@gmx.de</a> , und ich zaubere was!</p>
<figure id="attachment_663" aria-describedby="caption-attachment-663" style="width: 218px" class="wp-caption alignnone"><a href="http://www.evileu.de/evisfinest/wp-content/uploads/2024/02/ChrysOhrring.jpg"><img decoding="async" loading="lazy" class="size-medium wp-image-663" src="http://www.evileu.de/evisfinest/wp-content/uploads/2024/02/ChrysOhrring-218x300.jpg" alt="ChrysOhrring" width="218" height="300" srcset="https://www.evileu.de/evisfinest/wp-content/uploads/2024/02/ChrysOhrring-218x300.jpg 218w, https://www.evileu.de/evisfinest/wp-content/uploads/2024/02/ChrysOhrring-744x1024.jpg 744w, https://www.evileu.de/evisfinest/wp-content/uploads/2024/02/ChrysOhrring-768x1057.jpg 768w, https://www.evileu.de/evisfinest/wp-content/uploads/2024/02/ChrysOhrring.jpg 1000w" sizes="(max-width: 218px) 100vw, 218px" /></a><figcaption id="caption-attachment-663" class="wp-caption-text">ChrysOhrring</figcaption></figure>

<p>Meine Lieblingsfarbe? Regenbogen! Ich liebe die leuchtenden Spektralfarben vor allen anderen, und natürlich fertige ich schon seit Jahren auch Schmuck aus Glasperlen in Regenbogenfarben. Der Regenbogen steht nicht nur für die Schönheit der Natur, sondern ist auch Ausdruck der Lebensfreude und der Vielfalt. Die Rainbow Gender Pride Flag ist besonders bei der jüngeren Generation ein &hellip; <a href="https://www.evileu.de/evisfinest/?page_id=653" class="more-link"><span class="screen-reader-text">Rainbow Line</span> weiterlesen <span class="meta-nav">&rarr;</span></a></p>
