{"id":753,"date":"2024-02-11T10:16:10","date_gmt":"2024-02-11T10:16:10","guid":{"rendered":"https:\/\/www.evileu.de\/evisfinest\/?page_id=753"},"modified":"2024-02-11T10:58:42","modified_gmt":"2024-02-11T10:58:42","slug":"laurelblaetter","status":"publish","type":"page","link":"https:\/\/www.evileu.de\/evisfinest\/?page_id=753","title":{"rendered":"Laurelbl\u00e4tter"},"content":{"rendered":"<p>Laurel ist ein poetisches Wort f\u00fcr Lorbeer, <a href=\"https:\/\/www.evileu.de\/evisfinest\/?cat=17\">Laurelbl\u00e4tter<\/a> sind also Lorbeerbl\u00e4tter, die ich so genannt habe weil sie die selbe sch\u00f6ne harmonische Blattform haben.<\/p>\n<p><a href=\"http:\/\/www.evileu.de\/evisfinest\/wp-content\/uploads\/2024\/02\/Regenbogen-Laurelblaetter.jpg\"><img decoding=\"async\" loading=\"lazy\" class=\"alignnone size-medium wp-image-755\" src=\"http:\/\/www.evileu.de\/evisfinest\/wp-content\/uploads\/2024\/02\/Regenbogen-Laurelblaetter-300x241.jpg\" alt=\"Regenbogen Laurelbl\u00e4tter\" width=\"300\" height=\"241\" srcset=\"https:\/\/www.evileu.de\/evisfinest\/wp-content\/uploads\/2024\/02\/Regenbogen-Laurelblaetter-300x241.jpg 300w, https:\/\/www.evileu.de\/evisfinest\/wp-content\/uploads\/2024\/02\/Regenbogen-Laurelblaetter-1024x823.jpg 1024w, https:\/\/www.evileu.de\/evisfinest\/wp-content\/uploads\/2024\/02\/Regenbogen-Laurelblaetter-768x617.jpg 768w, https:\/\/www.evileu.de\/evisfinest\/wp-content\/uploads\/2024\/02\/Regenbogen-Laurelblaetter-1536x1234.jpg 1536w, https:\/\/www.evileu.de\/evisfinest\/wp-content\/uploads\/2024\/02\/Regenbogen-Laurelblaetter.jpg 1752w\" sizes=\"(max-width: 300px) 100vw, 300px\" \/><\/a><\/p>\n<p>Sie sind besonders in den Ohren sch\u00f6n zu tragen, weil sie federleicht sind! Es gibt sie in den sch\u00f6nsten Farben und Mustern, und ich fertige sie auch in ihren Wunschfarben. Sie sind ca. 4 cm gro\u00df und k\u00f6nnen als Anh\u00e4nger mit einem Ringerl oder als Ohrringe mit Haken getragen werden. Es sieht sehr raffiniert aus, wenn man zwei \u00e4hnliche aber doch unterschiedliche Laurelbl\u00e4tter als Ohrringe tr\u00e4gt.<\/p>\n<p><a href=\"http:\/\/www.evileu.de\/evisfinest\/wp-content\/uploads\/2024\/02\/Apfelbluete.jpg\"><img decoding=\"async\" loading=\"lazy\" class=\"alignnone size-medium wp-image-759\" src=\"http:\/\/www.evileu.de\/evisfinest\/wp-content\/uploads\/2024\/02\/Apfelbluete-300x282.jpg\" alt=\"Apfelbl\u00fcte\" width=\"300\" height=\"282\" srcset=\"https:\/\/www.evileu.de\/evisfinest\/wp-content\/uploads\/2024\/02\/Apfelbluete-300x282.jpg 300w, https:\/\/www.evileu.de\/evisfinest\/wp-content\/uploads\/2024\/02\/Apfelbluete-1024x963.jpg 1024w, https:\/\/www.evileu.de\/evisfinest\/wp-content\/uploads\/2024\/02\/Apfelbluete-768x722.jpg 768w, https:\/\/www.evileu.de\/evisfinest\/wp-content\/uploads\/2024\/02\/Apfelbluete-1536x1444.jpg 1536w, https:\/\/www.evileu.de\/evisfinest\/wp-content\/uploads\/2024\/02\/Apfelbluete.jpg 1744w\" sizes=\"(max-width: 300px) 100vw, 300px\" \/><\/a><\/p>\n<p>Die Laurelbl\u00e4tter kosten das St\u00fcck 4 \u20ac, f\u00fcr die Montage an Ohringhaken rechne ich f\u00fcr einen Haken (silber- oder goldfarben, nickelfrei) 50 ct.<\/p>\n","protected":false},"excerpt":{"rendered":"<p>Laurel ist ein poetisches Wort f\u00fcr Lorbeer, Laurelbl\u00e4tter sind also Lorbeerbl\u00e4tter, die ich so genannt habe weil sie die selbe sch\u00f6ne harmonische Blattform haben. Sie sind besonders in den Ohren sch\u00f6n zu tragen, weil sie federleicht sind! Es gibt sie in den sch\u00f6nsten Farben und Mustern, und ich fertige sie auch in ihren Wunschfarben. Sie &hellip; <a href=\"https:\/\/www.evileu.de\/evisfinest\/?page_id=753\" class=\"more-link\"><span class=\"screen-reader-text\">Laurelbl\u00e4tter<\/span> weiterlesen <span class=\"meta-nav\">&rarr;<\/span><\/a><\/p>\n","protected":false},"author":1,"featured_media":0,"parent":0,"menu_order":6,"comment_status":"closed","ping_status":"closed","template":"","meta":[],"_links":{"self":[{"href":"https:\/\/www.evileu.de\/evisfinest\/index.php?rest_route=\/wp\/v2\/pages\/753"}],"collection":[{"href":"https:\/\/www.evileu.de\/evisfinest\/index.php?rest_route=\/wp\/v2\/pages"}],"about":[{"href":"https:\/\/www.evileu.de\/evisfinest\/index.php?rest_route=\/wp\/v2\/types\/page"}],"author":[{"embeddable":true,"href":"https:\/\/www.evileu.de\/evisfinest\/index.php?rest_route=\/wp\/v2\/users\/1"}],"replies":[{"embeddable":true,"href":"https:\/\/www.evileu.de\/evisfinest\/index.php?rest_route=%2Fwp%2Fv2%2Fcomments&post=753"}],"version-history":[{"count":5,"href":"https:\/\/www.evileu.de\/evisfinest\/index.php?rest_route=\/wp\/v2\/pages\/753\/revisions"}],"predecessor-version":[{"id":769,"href":"https:\/\/www.evileu.de\/evisfinest\/index.php?rest_route=\/wp\/v2\/pages\/753\/revisions\/769"}],"wp:attachment":[{"href":"https:\/\/www.evileu.de\/evisfinest\/index.php?rest_route=%2Fwp%2Fv2%2Fmedia&parent=753"}],"curies":[{"name":"wp","href":"https:\/\/api.w.org\/{rel}","templated":true}]}}

Laurelblätter

<p>Laurel ist ein poetisches Wort für Lorbeer, <a href="https://www.evileu.de/evisfinest/?cat=17">Laurelblätter</a> sind also Lorbeerblätter, die ich so genannt habe weil sie die selbe schöne harmonische Blattform haben.</p>
<p><a href="http://www.evileu.de/evisfinest/wp-content/uploads/2024/02/Regenbogen-Laurelblaetter.jpg"><img decoding="async" loading="lazy" class="alignnone size-medium wp-image-755" src="http://www.evileu.de/evisfinest/wp-content/uploads/2024/02/Regenbogen-Laurelblaetter-300x241.jpg" alt="Regenbogen Laurelblätter" width="300" height="241" srcset="https://www.evileu.de/evisfinest/wp-content/uploads/2024/02/Regenbogen-Laurelblaetter-300x241.jpg 300w, https://www.evileu.de/evisfinest/wp-content/uploads/2024/02/Regenbogen-Laurelblaetter-1024x823.jpg 1024w, https://www.evileu.de/evisfinest/wp-content/uploads/2024/02/Regenbogen-Laurelblaetter-768x617.jpg 768w, https://www.evileu.de/evisfinest/wp-content/uploads/2024/02/Regenbogen-Laurelblaetter-1536x1234.jpg 1536w, https://www.evileu.de/evisfinest/wp-content/uploads/2024/02/Regenbogen-Laurelblaetter.jpg 1752w" sizes="(max-width: 300px) 100vw, 300px" /></a></p>
<p>Sie sind besonders in den Ohren schön zu tragen, weil sie federleicht sind! Es gibt sie in den schönsten Farben und Mustern, und ich fertige sie auch in ihren Wunschfarben. Sie sind ca. 4 cm groß und können als Anhänger mit einem Ringerl oder als Ohrringe mit Haken getragen werden. Es sieht sehr raffiniert aus, wenn man zwei ähnliche aber doch unterschiedliche Laurelblätter als Ohrringe trägt.</p>
<p><a href="http://www.evileu.de/evisfinest/wp-content/uploads/2024/02/Apfelbluete.jpg"><img decoding="async" loading="lazy" class="alignnone size-medium wp-image-759" src="http://www.evileu.de/evisfinest/wp-content/uploads/2024/02/Apfelbluete-300x282.jpg" alt="Apfelblüte" width="300" height="282" srcset="https://www.evileu.de/evisfinest/wp-content/uploads/2024/02/Apfelbluete-300x282.jpg 300w, https://www.evileu.de/evisfinest/wp-content/uploads/2024/02/Apfelbluete-1024x963.jpg 1024w, https://www.evileu.de/evisfinest/wp-content/uploads/2024/02/Apfelbluete-768x722.jpg 768w, https://www.evileu.de/evisfinest/wp-content/uploads/2024/02/Apfelbluete-1536x1444.jpg 1536w, https://www.evileu.de/evisfinest/wp-content/uploads/2024/02/Apfelbluete.jpg 1744w" sizes="(max-width: 300px) 100vw, 300px" /></a></p>
<p>Die Laurelblätter kosten das Stück 4 €, für die Montage an Ohringhaken rechne ich für einen Haken (silber- oder goldfarben, nickelfrei) 50 ct.</p>

<p>Laurel ist ein poetisches Wort für Lorbeer, Laurelblätter sind also Lorbeerblätter, die ich so genannt habe weil sie die selbe schöne harmonische Blattform haben. Sie sind besonders in den Ohren schön zu tragen, weil sie federleicht sind! Es gibt sie in den schönsten Farben und Mustern, und ich fertige sie auch in ihren Wunschfarben. Sie &hellip; <a href="https://www.evileu.de/evisfinest/?page_id=753" class="more-link"><span class="screen-reader-text">Laurelblätter</span> weiterlesen <span class="meta-nav">&rarr;</span></a></p>
