{"id":827,"date":"2024-02-11T14:04:07","date_gmt":"2024-02-11T14:04:07","guid":{"rendered":"https:\/\/www.evileu.de\/evisfinest\/?page_id=827"},"modified":"2024-02-11T15:32:15","modified_gmt":"2024-02-11T15:32:15","slug":"preisliste","status":"publish","type":"page","link":"https:\/\/www.evileu.de\/evisfinest\/?page_id=827","title":{"rendered":"Preisliste"},"content":{"rendered":"<p>Ich vergebe g\u00fcnstige Pauschalpreise f\u00fcr bestimmte Kategorien, so kosten z.B. alle Zweiblattbroschen das St\u00fcck 8 \u20ac, unabh\u00e4ngig von Ausf\u00fchrung und Material.\u00a0 Diese Fixpreise gelten wie folgt f\u00fcr jeweils ein St\u00fcck:<\/p>\n<p>Glitzerlinge 7 \u20ac<br \/>\nGuxtufalter 8 \u20ac<br \/>\nLaurelbl\u00e4tter 4 \u20ac<br \/>\nHerzblattl\u00a0 4 \u20ac<br \/>\nZweiblattbroschen\u00a0 8 \u20ac<\/p>\n<p>Was nicht in diese Kategorien f\u00e4llt, ist in den meisten F\u00e4llen einzeln Preis ausgezeichnet. Wenn sie keinen Preis finden k\u00f6nnen, schreiben sie mir eine kurze E-Mail mit dem Namen ihres Wunsch-Schmuckst\u00fccks, ich antworte\u00a0 dann schnellstm\u00f6glich. Die Montage eines nickelfreien Ohrringhakens in gold- oder silberfarben berechne ich mit 50 ct.<\/p>\n<p>F\u00fcr Porto und Versand (bis 500 g) im wattierten Umschlag berechne ich 3 \u20ac. Die Versandkosten werden beim Kauf mehrerer Schmuckst\u00fccke nur einmal berechnet.<\/p>\n","protected":false},"excerpt":{"rendered":"<p>Ich vergebe g\u00fcnstige Pauschalpreise f\u00fcr bestimmte Kategorien, so kosten z.B. alle Zweiblattbroschen das St\u00fcck 8 \u20ac, unabh\u00e4ngig von Ausf\u00fchrung und Material.\u00a0 Diese Fixpreise gelten wie folgt f\u00fcr jeweils ein St\u00fcck: Glitzerlinge 7 \u20ac Guxtufalter 8 \u20ac Laurelbl\u00e4tter 4 \u20ac Herzblattl\u00a0 4 \u20ac Zweiblattbroschen\u00a0 8 \u20ac Was nicht in diese Kategorien f\u00e4llt, ist in den meisten &hellip; <a href=\"https:\/\/www.evileu.de\/evisfinest\/?page_id=827\" class=\"more-link\"><span class=\"screen-reader-text\">Preisliste<\/span> weiterlesen <span class=\"meta-nav\">&rarr;<\/span><\/a><\/p>\n","protected":false},"author":1,"featured_media":0,"parent":0,"menu_order":9,"comment_status":"closed","ping_status":"closed","template":"","meta":[],"_links":{"self":[{"href":"https:\/\/www.evileu.de\/evisfinest\/index.php?rest_route=\/wp\/v2\/pages\/827"}],"collection":[{"href":"https:\/\/www.evileu.de\/evisfinest\/index.php?rest_route=\/wp\/v2\/pages"}],"about":[{"href":"https:\/\/www.evileu.de\/evisfinest\/index.php?rest_route=\/wp\/v2\/types\/page"}],"author":[{"embeddable":true,"href":"https:\/\/www.evileu.de\/evisfinest\/index.php?rest_route=\/wp\/v2\/users\/1"}],"replies":[{"embeddable":true,"href":"https:\/\/www.evileu.de\/evisfinest\/index.php?rest_route=%2Fwp%2Fv2%2Fcomments&post=827"}],"version-history":[{"count":2,"href":"https:\/\/www.evileu.de\/evisfinest\/index.php?rest_route=\/wp\/v2\/pages\/827\/revisions"}],"predecessor-version":[{"id":846,"href":"https:\/\/www.evileu.de\/evisfinest\/index.php?rest_route=\/wp\/v2\/pages\/827\/revisions\/846"}],"wp:attachment":[{"href":"https:\/\/www.evileu.de\/evisfinest\/index.php?rest_route=%2Fwp%2Fv2%2Fmedia&parent=827"}],"curies":[{"name":"wp","href":"https:\/\/api.w.org\/{rel}","templated":true}]}}